be 1 - (-4 - 1) - 0. Suppose 2*p + 138 = 3*m, -m + g*m = 4*p + 228. What is the highest common divisor of 12 and m?
12
Let q(v) = v**3 + 2*v**2 + 2*v + 2. Let l be q(-2). Let k be ((-1309)/14)/(l/4). What is the highest common factor of k and 17?
17
Suppose -5*a = -2*a - 12, -5*b = -2*a + 478. Let q = b - -199. What is the highest common divisor of q and 21?
21
Suppose d + 6 = 12. Calculate the greatest common factor of d and 9.
3
Suppose -5*y + 23 = -7. Suppose y*v - v = 0. Suppose 3*d - 3 = -v*m + 4*m, 3*m - d - 4 = 0. What is the greatest common divisor of m and 21?
3
Let v = -56 + 104. What is the highest common factor of v and 12?
12
Let o = 67 + -57. Calculate the greatest common factor of 2 and o.
2
Suppose 0 = -3*a + 6, -3*l - 5*a + 235 = 33. Calculate the greatest common divisor of l and 4.
4
Suppose 6*c - 8*c + 8 = 0. Let o be (2/c)/(3/6). Calculate the greatest common factor of 11 and o.
1
Let a(t) = t**2 + 15*t + 5. Let c be a(-15). Calculate the greatest common divisor of c and 55.
5
Let p(a) = -245*a + 3. Let o be p(2). Let w = -344 - o. Calculate the highest common divisor of 13 and w.
13
Let n(z) = -z**2 + 37*z + 38. Let r be n(23). What is the highest common divisor of r and 40?
40
Suppose 4*i - o + 6*o = -128, 2*i - 2*o + 46 = 0. Let r = i - -54. What is the highest common factor of r and 9?
9
Let t be (-1)/3 + (-100)/15. Let w be (t - -9)*2/4. What is the greatest common factor of 4 and w?
1
Suppose z = 5*z - 320. What is the highest common divisor of z and 16?
16
Suppose -101 + 345 = 4*n. Let k = n - 30. Let y be -1 + k*(2 + -1). Calculate the highest common factor of y and 10.
10
Let l(p) = -2*p**2 + 11*p - 2. Let x be l(5). Calculate the greatest common divisor of x and 27.
3
Suppose -5*i = 3*r - 100, -3*i + 0*i + 126 = 4*r. Let m(a) = 4*a - 8 - 8*a**2 - 7*a - 4 - a**3. Let f be m(-8). What is the highest common factor of f and r?
6
Let s be (-22)/(-4)*(-2)/(-1). What is the greatest common factor of s and 121?
11
Let q(i) = -2*i**3 + 3*i**2 + i - 2. Let o(x) = x**2 - 2*x - 5. Let z be o(3). Let g be q(z). Calculate the highest common divisor of 16 and g.
8
Let r = 1 - -2. Let c be 1/(-2) + (-15)/(-6). Let n(v) = 8*v**2 - 2*v + 2. Let g be n(c). What is the greatest common factor of r and g?
3
Let p = 8 + -5. Let y = 0 - 5. Let g = y - -32. Calculate the greatest common divisor of g and p.
3
Let p = -75 - -89. What is the greatest common divisor of p and 126?
14
Let h(p) = p**3 - p**2 - 9*p + 3. Let x be h(6). Suppose -3*f + x = 3*n, -f - 3*f - 5*n + 175 = 0. Calculate the greatest common factor of f and 8.
8
Suppose -2*r = 0, -o + 1 + 8 = 2*r. What is the highest common divisor of o and 3?
3
Suppose 2*o = -2*f - 3*o + 304, -2*f + 332 = -2*o. Calculate the greatest common divisor of f and 18.
18
Let b = -46 + 90. What is the highest common divisor of 22 and b?
22
Suppose 0 = -2*r + 5*l + 315, 3*l = -l + 20. What is the highest common divisor of r and 68?
34
Suppose 7 = 2*x - 5. Suppose 2*y + 72 = x*y. Calculate the greatest common factor of 45 and y.
9
Suppose 4*x + 115 - 315 = 0. Suppose -2*d = -0*d - x. Calculate the highest common divisor of d and 25.
25
Suppose -b + 4 = -29. Calculate the highest common divisor of 231 and b.
33
Let w = -29 + 40. Let j(o) = o**3 + o**2 - 3*o - 1. Let p be j(-2). Calculate the greatest common divisor of p and w.
1
Let n = -14 - -12. Let v be 72/7 - n/(-7). Let q = -3 + 28. What is the greatest common divisor of v and q?
5
Let a = 16 - 6. Let n(j) = j**3 - 8*j**2 - 8*j + 1. Suppose -4 - 14 = -2*y. Let c be n(y). What is the highest common divisor of a and c?
10
Suppose c - 2*c = -2*n + 151, 2*n + c = 157. What is the greatest common factor of 7 and n?
7
Suppose -d + 5*d = 160. Calculate the highest common factor of d and 16.
8
Suppose -3*j + 5 = -2*j. Let g(a) = a. Let i be g(j). Let f = -4 + i. Calculate the highest common divisor of 1 and f.
1
Suppose 0*p - 4*n - 42 = -p, -5*n - 105 = -3*p. What is the greatest common factor of p and 60?
30
Suppose -3*h = -4 + 7. Let y = 6 + h. What is the highest common factor of y and 5?
5
Suppose b = -2*y - 3*y + 8, 2*y + 5*b = 17. Suppose 1 = 2*q - y, 0 = 2*r + q - 295. Suppose 642 = 5*g + r. What is the highest common divisor of 9 and g?
9
Let l(a) = 5 + 2*a + 4*a**2 - 12 + 4*a**3 - 5*a**3. Let y be l(3). Calculate the greatest common divisor of y and 72.
8
Let o = 7 + -4. Let n(j) = 22*j - 3. Let q be n(o). What is the greatest common factor of q and 9?
9
Let v = -43 - -67. Let u be -1*10*v/(-10). What is the highest common factor of 36 and u?
12
Let z = -88 - -592. What is the highest common divisor of 56 and z?
56
Let o(n) = 3*n**3 - 20*n**2 - n - 6. Let m be o(7). What is the highest common factor of m and 9?
9
Suppose v - 2*f + 472 = 3*v, -5*f - 212 = -v. Calculate the highest common divisor of 29 and v.
29
Let b = -423 - -647. Suppose 5*t - t = b. Calculate the greatest common factor of 14 and t.
14
Let h(r) = 5*r**2 + 5*r + 9. Let y be h(-3). What is the greatest common divisor of y and 390?
39
Suppose 0*m = u - 2*m - 6, 2*m + 38 = 3*u. Suppose -5*k + 28 + 680 = 3*l, -4*l = 16. Calculate the highest common divisor of u and k.
16
Let t(c) = -15*c + 7. Let a be t(-7). Calculate the greatest common divisor of a and 16.
16
Let w(u) = u**3 + u**2 + 7. Suppose n + n = 0. Let c be w(n). Calculate the greatest common factor of 77 and c.
7
Suppose -11*w = -156 - 9. What is the greatest common factor of w and 75?
15
Suppose -3*w + 1452 = w. Calculate the highest common divisor of 33 and w.
33
Suppose g - 18 = -3*a, 2*g = 7*g - 15. What is the highest common factor of a and 35?
5
Let p be 44*2*2/8. Let u(a) = -a - 3. Let k be u(-7). Let j be k/(-6)*(-198)/12. Calculate the greatest common factor of p and j.
11
Let d be (-21)/(2/3 - (-51)/(-36)). Calculate the greatest common divisor of d and 252.
28
Suppose 4*w = -26 - 6. Let j = 22 + w. What is the highest common divisor of j and 70?
14
Let v(o) = -7*o - 77. Let n be v(-19). What is the greatest common divisor of n and 8?
8
Let x be (1*-1)/((-23)/483). What is the greatest common divisor of 84 and x?
21
Suppose 3*d = -2*h - 0*d + 88, -20 = 5*d. What is the highest common factor of h and 10?
10
Let v(a) = 3*a. Let i be (-1 - 1) + (1 - -9). Let n be v(i). Suppose 2*x - 24 - 30 = -4*d, d - 6 = 2*x. Calculate the greatest common divisor of n and d.
12
Let i be ((-10)/6)/((-1)/3). Let p be 403/i + (-9)/15. Calculate the greatest common factor of p and 10.
10
Let n be (-4*(-2 - -3))/(18/(-45)). Let y(w) = 2*w - 5. Let g be y(5). What is the highest common factor of n and g?
5
Let u(o) = -o**2 - 7*o - 15. Let s be u(-10). Let c be (-52)/(-9) + (-10)/s. What is the highest common factor of 18 and c?
6
Suppose 71 = 4*z - 3*q, -8 = 5*z - 6*z + 4*q. Calculate the greatest common divisor of 4 and z.
4
Suppose -2*j = -4*a + 142, -j - j + 62 = 2*a. Suppose 4*z + a = 2*u, -u + 3*z = -2*z - 23. Calculate the greatest common factor of u and 26.
13
Suppose 3*n - 36 = -0*n. Let x(f) = 2*f**2 - 3*f - 8. Let b be x(-6). Suppose -3*k + b = -98. What is the greatest common factor of n and k?
12
Let c = 3 - -2. Let o(f) = 5*f**2 + 2*f - 3. Let s be o(c). What is the greatest common divisor of s and 12?
12
Let j be -1 + -1 + -3 - 2. Let w = j - -13. Let z be 74/9 - w/27. What is the greatest common divisor of 8 and z?
8
Let v(s) = -13*s - 10. Let i be v(-4). Calculate the greatest common divisor of 28 and i.
14
Let p = 10 + -5. Let c be (p + 2 + 1)*1. What is the highest common factor of c and 24?
8
Let z be (-13 + 9)*(0 + -1). Suppose f - 3*i + 22 = 92, 4*i + 240 = z*f. Calculate the highest common factor of 22 and f.
11
Suppose -v = f - 3 - 0, 2*f - 18 = -5*v. Suppose -4*i + 41 = 5*q, -4*i + 4 + 7 = -q. Calculate the greatest common factor of v and i.
4
Let n = 199 - 80. Suppose s = -3*d - 50 + n, 57 = 2*d - 3*s. Let t(r) = 2*r**2 - 6*r. Let a be t(6). Calculate the greatest common divisor of a and d.
12
Let r be 0/(2 + -1)*-1. Suppose r*m + 5*m = -65. Let w = m - -18. What is the highest common factor of 45 and w?
5
Let x be 38/24*3*16. Suppose 3*n = 5*n - 4. Suppose -x - 3 = -5*s - a, n*s - a - 33 = 0. Calculate the highest common factor of 176 and s.
16
Let w = 16 - 0. Let p = w + -8. Calculate the highest common f